ided by 1069.
4
What is the remainder when 253 is divided by 216?
37
Calculate the remainder when 41828 is divided by 191.
190
What is the remainder when 506 is divided by 122?
18
What is the remainder when 2875 is divided by 360?
355
Calculate the remainder when 6435 is divided by 46.
41
What is the remainder when 49645 is divided by 24821?
3
What is the remainder when 316370 is divided by 63272?
10
Calculate the remainder when 4794 is divided by 538.
490
Calculate the remainder when 2252 is divided by 992.
268
Calculate the remainder when 1425 is divided by 23.
22
What is the remainder when 18393 is divided by 263?
246
What is the remainder when 9058 is divided by 17?
14
What is the remainder when 21750 is divided by 149?
145
What is the remainder when 466021 is divided by 52?
49
What is the remainder when 1323 is divided by 125?
73
What is the remainder when 7056259 is divided by 12?
7
Calculate the remainder when 5058 is divided by 13.
1
What is the remainder when 4526 is divided by 498?
44
What is the remainder when 12401 is divided by 496?
1
What is the remainder when 2950519 is divided by 763?
761
What is the remainder when 104125 is divided by 1170?
1165
What is the remainder when 1268895 is divided by 56?
47
Calculate the remainder when 4765 is divided by 207.
4
What is the remainder when 409 is divided by 52?
45
What is the remainder when 1130347 is divided by 139?
138
What is the remainder when 41668 is divided by 24?
4
What is the remainder when 2539199 is divided by 200?
199
Calculate the remainder when 74125 is divided by 24708.
1
What is the remainder when 38613 is divided by 194?
7
What is the remainder when 14782 is divided by 685?
397
Calculate the remainder when 25725 is divided by 28.
21
Calculate the remainder when 16239 is divided by 371.
286
Calculate the remainder when 88963 is divided by 319.
281
Calculate the remainder when 12584 is divided by 50.
34
What is the remainder when 301948 is divided by 310?
8
Calculate the remainder when 20113 is divided by 5021.
29
Calculate the remainder when 21996 is divided by 31.
17
What is the remainder when 105550 is divided by 52773?
4
What is the remainder when 10370 is divided by 182?
178
Calculate the remainder when 5358 is divided by 26.
2
What is the remainder when 1550168 is divided by 516719?
11
What is the remainder when 415 is divided by 68?
7
Calculate the remainder when 11571 is divided by 728.
651
Calculate the remainder when 14995 is divided by 1492.
75
Calculate the remainder when 6759 is divided by 1350.
9
Calculate the remainder when 12298 is divided by 2453.
33
What is the remainder when 3819 is divided by 1900?
19
What is the remainder when 6772 is divided by 615?
7
What is the remainder when 1515 is divided by 358?
83
What is the remainder when 23883 is divided by 28?
27
What is the remainder when 421798 is divided by 15?
13
What is the remainder when 121302 is divided by 493?
24
Calculate the remainder when 1238 is divided by 1230.
8
What is the remainder when 875 is divided by 225?
200
Calculate the remainder when 101449 is divided by 401.
397
Calculate the remainder when 50145 is divided by 4178.
9
What is the remainder when 112969 is divided by 57?
52
Calculate the remainder when 4098 is divided by 12.
6
What is the remainder when 2984 is divided by 103?
100
Calculate the remainder when 6537 is divided by 2153.
78
Calculate the remainder when 2750 is divided by 449.
56
Calculate the remainder when 15194 is divided by 806.
686
Calculate the remainder when 184 is divided by 116.
68
What is the remainder when 248011 is divided by 95?
61
Calculate the remainder when 18107 is divided by 181.
7
Calculate the remainder when 346 is divided by 266.
80
Calculate the remainder when 32214 is divided by 65.
39
Calculate the remainder when 504074 is divided by 611.
610
Calculate the remainder when 682823 is divided by 46.
45
What is the remainder when 6663 is divided by 6626?
37
What is the remainder when 65519 is divided by 21?
20
What is the remainder when 176357 is divided by 247?
246
What is the remainder when 10235 is divided by 1704?
11
Calculate the remainder when 264 is divided by 89.
86
What is the remainder when 174029 is divided by 62?
57
What is the remainder when 21486 is divided by 279?
3
Calculate the remainder when 3177 is divided by 784.
41
Calculate the remainder when 17369 is divided by 341.
319
Calculate the remainder when 1554 is divided by 744.
66
Calculate the remainder when 920605 is divided by 4923.
4
What is the remainder when 1480 is divided by 252?
220
Calculate the remainder when 417091 is divided by 13.
12
Calculate the remainder when 11877190 is divided by 108.
106
What is the remainder when 4225 is divided by 1403?
16
What is the remainder when 32133 is divided by 16063?
7
What is the remainder when 3011 is divided by 378?
365
What is the remainder when 4210 is divided by 324?
322
Calculate the remainder when 6990 is divided by 437.
435
What is the remainder when 4604 is divided by 4546?
58
Calculate the remainder when 12019 is divided by 211.
203
Calculate the remainder when 5043 is divided by 31.
21
Calculate the remainder when 12591 is divided by 12411.
180
What is the remainder when 11759 is divided by 49?
48
Calculate the remainder when 406128 is divided by 2840.
8
Calculate the remainder when 20335 is divided by 473.
469
Calculate the remainder when 6831 is divided by 2275.
6
Calculate the remainder when 35931 is divided by 53.
50
Calculate the remainder when 4265 is divided by 521.
97
What is the remainder when 140082 is divided by 32?
18
What is the remainder when 1689060 is divided by 15?
0
Calculate the remainder when 12844 is divided by 11.
7
Calculate the remainder when 55124 is divided by 427.
41
Calculate the remainder when 1831 is divided by 884.
63
Calculate the remainder when 112893 is divided by 1065.
3
Calculate the remainder when 2756 is divided by 1280.
196
What is the remainder when 73487 is divided by 6?
5
What is the remainder when 6100 is divided by 284?
136
What is the remainder when 2015 is divided by 950?
115
Calculate the remainder when 34789 is divided by 696.
685
Calculate the remainder when 909443 is divided by 14.
3
What is the remainder when 3010 is divided by 1224?
562
What is the remainder when 2064 is divided by 36?
12
Calculate the remainder when 6854 is divided by 73.
65
Calculate the remainder when 22247 is divided by 58.
33
Calculate the remainder when 1345449 is divided by 11.
6
What is the remainder when 604 is divided by 278?
48
What is the remainder when 5330 is divided by 922?
720
What is the remainder when 32242 is divided by 256?
242
What is the remainder when 20987 is divided by 6?
5
What is the remainder when 1390 is divided by 41?
37
What is the remainder when 1828 is divided by 263?
250
Calculate the remainder when 1159389 is divided by 29.
27
What is the remainder when 63005 is divided by 354?
347
Calculate the remainder when 1727 is divided by 1719.
8
Calculate the remainder when 138551 is divided by 1630.
1
What is the remainder when 84812 is divided by 93?
89
What is the remainder when 39416 is divided by 7851?
161
Calculate the remainder when 405 is divided by 32.
21
What is the remainder when 3423 is divided by 1639?
145
Calculate the remainder when 7041 is divided by 44.
1
Calculate the remainder when 131837 is divided by 6.
5
What is the remainder when 115529 is divided by 28882?
1
What is the remainder when 273918 is divided by 2584?
14
Calculate the remainder when 1895 is divided by 208.
23
What is the remainder when 44950 is divided by 133?
129
Calculate the remainder when 574 is divided by 496.
78
What is the remainder when 106084 is divided by 252?
244
Calculate the remainder when 6410 is divided by 107.
97
What is the remainder when 254398 is divided by 205?
198
Calculate the remainder when 13526 is divided by 27.
26
What is the remainder when 689040 is divided by 97?
49
Calculate the remainder when 103725 is divided by 4714.
17
Calculate the remainder when 53598 is divided by 133.
132
What is the remainder when 9510 is divided by 366?
360
Calculate the remainder when 3425 is divided by 686.
681
Calculate the remainder when 483 is divided by 460.
23
What is the remainder 